ppose -a*q + 8*q = 20. Let r(k) = 6 - k**2 + q*k + k + 7 - 4. What is r(7)?
-5
Let c(v) = v**2 + v + 17. Suppose 39 = 2*s + 11. Suppose -s*a = -11*a. Give c(a).
17
Let j(d) = -d**2 - 3*d - 5. Let a be j(-3). Let n(r) = r**2 + 5*r + 1. Let t be n(a). Let u be 6/(3/t) - 7. Let z(w) = -w**2 - 3*w + 5. Determine z(u).
-5
Let h(k) = 3*k**3 + 11 - 7 + 2*k + 2*k**2 - 4*k**3. Let i be (-82)/(-10) + (-1)/5. Suppose -i*d + 3*d + 15 = 0. What is h(d)?
1
Let a(b) be the first derivative of b**4/4 - b**3 - 3*b**2 + 2*b - 27. Suppose 3 = 2*m - 5. Determine a(m).
-6
Let j(u) be the first derivative of 6*u**2 - 51*u - 554. What is j(4)?
-3
Suppose 0 = -3*b - 4*k - 23, 4*b + 2*k - 4*k + 38 = 0. Let v = 8 + b. Let w(z) = z. Calculate w(v).
-1
Let u(y) be the second derivative of -y**4/12 + y**3/2 + y**2 + y + 2. Calculate u(4).
-2
Let w be 1/(6/22680*5). Let j(o) = -762*o + 5 + w*o - 3. Determine j(1).
-4
Suppose 0 = 40*q - 37*q - 42. Let l(n) = n**2 - 13*n - 8. What is l(q)?
6
Let o(l) = -1. Let n(m) = -m**2 - m + 4. Let k(q) = n(q) + 5*o(q). Let z = 7 + -4. Suppose z*a - 2*r = -1, -a - 2*a - 3*r = 6. Determine k(a).
-1
Suppose -r + 0 = 3, -4*t + 221 = -3*r. Let f(m) = 51*m + t*m - 105*m + 2. Determine f(-2).
4
Suppose -t + 3*h + 23 = 20, 26 = -2*t - 2*h. Let u(l) = -l**2 - 14*l. Let f(w) = -w**2 - 13*w - 1. Let k(a) = 5*f(a) - 4*u(a). Calculate k(t).
-5
Let d(m) be the first derivative of -m**4/4 + 7*m**3/3 - 5*m**2/2 - m + 4. Let s be d(6). Suppose 0 = s*f - f. Let w(r) = r**3 + r**2 - 2. What is w(f)?
-2
Let l(h) = -h**3 + 5*h**2 - 3*h - 4. Suppose 2*k + 5*s - 1 = 0, 20*s - 10 = -2*k + 24*s. Calculate l(k).
5
Suppose 8 = -4*w + 36. Let n(r) be the third derivative of r**6/120 - 7*r**5/60 + r**4/24 - r**3/2 + r**2 - 40. What is n(w)?
4
Let f(i) = 17*i**2 - 35*i - 6. Let c be f(2). Let y(j) = -j**2 - 10*j - 7. What is y(c)?
9
Suppose 0 = -j - 12*j - 52. Let v(p) = 0*p + 4*p - 2*p + 6. Determine v(j).
-2
Let j(k) = -k**3 + 5*k**2 - 3*k + 2. Suppose 0 = -2*p - 10 + 50. Suppose o - 1 = 2*c - 17, -5*c - o = -26. Suppose -p = -c*m + m. What is j(m)?
6
Let z(s) = -3*s + 0*s - 4 + 17 + 4*s. Let i be 0*(-3 - 14/(-4)). Let g(t) = t**3 + t. Let b be g(i). Determine z(b).
13
Suppose -2*y = 8 - 20. Let a = 19 + -16. Let h(v) = 587*v**3 + 0 - 588*v**a - 7 + 7*v + 5*v**2. Calculate h(y).
-1
Let i(l) be the third derivative of l**5/120 + 5*l**4/8 + 4*l**3/3 + 11*l**2. Let v(u) be the first derivative of i(u). Give v(-8).
7
Let f(u) = -u**2 - 10*u. Let k be f(-10). Let p(o) = -o**2 + 22. Determine p(k).
22
Let k(c) = -c + 2. Let p(b) = -6*b + 9. Let g(h) = -11*k(h) + 2*p(h). Let i be -5 - (-12 + 5) - (8 + -1). What is g(i)?
1
Let l be 2 - 10*1 - 2. Let h(u) be the third derivative of -u**4/24 - 2*u**3 - u**2 + 373. Determine h(l).
-2
Let y(n) be the second derivative of n**7/2520 + n**6/144 + n**5/60 + n**4/4 + 5*n**2/2 - 30*n. Let k(p) be the third derivative of y(p). Determine k(-4).
-2
Let k(h) = -3*h. Suppose -4*x = -3*i + 4*i + 287, -i = -x - 78. Let z = 72 + x. Give k(z).
3
Let r(f) be the second derivative of f**5/40 - f**4/8 + 4*f**3/3 + 2*f. Let j(k) be the second derivative of r(k). What is j(4)?
9
Let g(a) = -109 + 38 + 3*a + 39 - 5*a + 35. Calculate g(16).
-29
Let o(a) be the first derivative of -a**4/4 - a**3/3 - a**2/2 + 3*a - 160. Give o(0).
3
Let c(l) = 7*l - 1. Suppose -b = 4*f + 24, 0*f - 5*b = -6*f - 36. Calculate c(f).
-43
Let y(h) be the first derivative of -h**2/2 + 10*h - 77. Calculate y(12).
-2
Let d(v) be the first derivative of v**3/3 - 3*v**2/2 - 7*v + 368. What is d(6)?
11
Let y be ((-10)/(-15))/(4/(-18)). Let c be y/(-3)*-3*-1. Let n(b) = 2*b. Let l be n(c). Let p(x) = -x + 8. What is p(l)?
2
Let u(j) = -j + 1. Let h(q) = -q**2 + 3*q + 6. Let d = 11 + -7. Let a be h(d). Suppose -12 = a*y - 4. Give u(y).
5
Let m(o) = -2*o**2 - 7*o - 3*o**3 - 2 - o**3 + 18*o - 9*o + 3*o**3. Determine m(0).
-2
Let v(r) = r - 1. Let w(y) = -6*y - 2. Let l(k) = -5*v(k) - w(k). Suppose 14 = 4*h - 2*d, -16 = -5*h + d - 0*d. Let u be 3/h*0/1. Calculate l(u).
7
Let d(v) = v - 5. Suppose -1 = -3*w + 8. Let c be d(w). Let b(j) be the third derivative of -j**4/12 + j**3/3 + 33*j**2 - 1. Calculate b(c).
6
Suppose 0 = c - 5*c - 20. Let j(g) = 8*g**2 - 6*g**2 - 2*g**3 - 7*g**2 + g**3 + 2. What is j(c)?
2
Let f(m) = 1. Let w(s) = s - 11. Let o be w(6). Let y(b) = b**2 - 7*b - 11. Let c(n) = o*f(n) - y(n). Let q(t) be the first derivative of c(t). Determine q(6).
-5
Let l(u) = u - 22. Suppose -10 = 5*v, 5*v = 15*w - 16*w + 5. Calculate l(w).
-7
Let f(r) = 7*r - 1. Let p be f(1). Let k(u) = -2*u**3 - 11*u**2 - 2*u + 13. Let y(q) = -3*q**3 - 20*q**2 - 5*q + 22. Let c(i) = 5*k(i) - 3*y(i). Give c(p).
-7
Let x(q) = -q**2 + 7*q + 22. Suppose -2*n + 9 = -n. Let v be x(n). Let y(b) = -b**3 + 5*b**2 - 4*b - 3. Determine y(v).
-3
Suppose n + 8 = 2. Let r(m) = -3*m**3 - 6*m**2 - 5*m + 14. Let x(b) = -b**3 - 2*b**2 - 2*b + 5. Let a(v) = n*r(v) + 17*x(v). What is a(-3)?
4
Let w(u) be the first derivative of -u**2/2 - 6*u - 1. Let a(t) = -2*t - 37. Let k be a(27). Let l = k - -84. Calculate w(l).
1
Let q(u) = 5 - 4*u + 17*u**2 + 16*u**2 - 7*u**2 + 9*u. Let m(w) = 65*w**2 + 13*w + 13. Let c(j) = 5*m(j) - 13*q(j). What is c(1)?
-13
Let d = 3 - 1. Suppose d*x - 3*f - 49 = 0, 0*f - f - 5 = 0. Suppose 2*z - 2 = q, 3*q = -0*z - 5*z - x. Let p(r) = 7*r**2 - 1. What is p(z)?
6
Let f(k) be the third derivative of k**5/60 - k**4/8 + 31*k**3/6 - 30*k**2. Let g(s) be the first derivative of f(s). Suppose -44 = -5*m - 14. What is g(m)?
9
Let v(b) = 54*b - 1 - 120*b + 64*b - 12*b**2. Calculate v(-1).
-11
Suppose 0*j = -2*j. Let c(n) = 2*n**2 - 2*n - 7. Let l(p) = -p**2 + p - 1. Let o(u) = -c(u) - 3*l(u). Determine o(j).
10
Let n = -972 - -971. Let c(a) = 40*a + 2. Give c(n).
-38
Let l(o) be the first derivative of o**4/4 - 3*o**3 + 4*o**2 - 6*o - 441. Determine l(8).
-6
Let p(v) = -v**2 + 2*v**3 - 2*v - 2 - 3 + 4. Suppose 14*j + 20*j = -34. Calculate p(j).
-2
Let f be -16 + (49/28 - (-20)/16). Let k(w) = -w**2 - 13*w + 15. Determine k(f).
15
Let j(z) = 8741*z - 8740*z + 0 + 6. Give j(-7).
-1
Let b(v) = 4*v - 5. Let w(s) = -29*s + 22. Let y(a) = 15*a - 11. Let j(t) = 6*w(t) + 11*y(t). Let c(l) = -7*b(l) - 3*j(l). Calculate c(2).
0
Let c(h) = 35*h + 1. Let r(o) = 8*o. Let s(a) = -6*c(a) + 26*r(a). Suppose -2*d - 13 = 4*i - 3*i, 20 = -5*i - d. Let t = i + -3. Give s(t).
6
Let s(u) be the first derivative of u**3/3 + 9*u**2/2 + 8*u + 2. Suppose -a - 4*a + 120 = 0. Suppose a*f = 15*f - 54. Calculate s(f).
-10
Let u(y) = 2095*y - 694*y - 702*y + 4*y**2 + 5 - y**3 - 697*y. Calculate u(5).
-10
Suppose 32 = 3*y + y. Suppose 2*b + 3*b = 2*n - 1, -b - n = -4. Let h(l) = 6 - y*l + 2 + b + 10*l. Give h(-6).
-3
Let h(x) = x**3 - 5*x**2 - x - 2. Let s = -31 + -18. Let v = s - -54. Determine h(v).
-7
Let t(f) = f**3 + 2 + 0*f**2 - 5*f**2 + 2 + 4*f. Suppose -4 = 757*d - 758*d. Give t(d).
4
Let k(c) be the third derivative of 1/3*c**4 + 1/3*c**3 + 1/60*c**5 + 0*c + 0 + 41*c**2. Let j(d) = -3*d**2 + 3*d - 2. Let g be j(2). Calculate k(g).
2
Let s(c) = -c**3 - 3*c**2 + 3*c - 5. Let y(q) = q**3 - 6*q**2 + 7*q - 4. Let u be y(5). Let z be 4/u - (-88)/(-24). Let g be 1/z - (-33)/(-9). Give s(g).
-1
Let f(y) be the second derivative of y**5/20 + y**4/4 - y**3/6 - 3*y**2/2 - y. Let j(s) = -s**2 - 2*s + 12. Let u be 252/(-52) - 6/39. Let t be j(u). Give f(t).
0
Let g(h) = -100*h**2 - 34*h**3 + 96*h**2 - 3 + 35*h**3. Determine g(2).
-11
Let n(h) = h - 10. Let t(y) = y**2 + 6*y + 3. Let k be t(-6). Suppose k*p + 18 = m + 6, 17 = m + 2*p. Let d be (28/70)/(1/m). Determine n(d).
-4
Let u(d) = -d**3 - 6*d**2 + d - 1. Let x be 6/(-21) - 130/(-14). Suppose -x = -c - 2*c. Suppose -c*k - 6 = 12. Calculate u(k).
-7
Suppose 4*a - 40 = 4*d, 0*a = -3*a + 5*d + 36. Let n(h) = -h + 15. Calculate n(a).
8
Let r be 1/(-4) + 9/4. Let v(c) be the first derivative of c**5/10 - c**4/6 - c**3/6 - 2*c + 19. Let d(o) be the first derivative of v(o). What is d(r)?
6
Let k(n) be the third derivative of n**4/24 - n**3/2 - 3*n**2 - 7. Give k(7).
4
Let o(u) = 11*u + 4. Let p = 70 + -71. Let d be o(p). Let r(x) = -x - 12. Give r(d).
-5
Let u(r) = -6*r + 63. Suppose 0 = -5*z + 5*p + 65, 3*p = -z - 3 + 12. Let b be u(z). Let v(d) = d + 9. Give v(b).
0
Let p(t